 common factor of 351 and 65.
13
Calculate the greatest common divisor of 11 and 15.
1
What is the highest common divisor of 101 and 707?
101
What is the greatest common factor of 3248 and 48?
16
What is the highest common factor of 14 and 27433?
7
Calculate the greatest common divisor of 44 and 11.
11
What is the highest common factor of 40 and 920?
40
What is the highest common divisor of 90 and 702?
18
What is the greatest common factor of 25 and 20975?
25
Calculate the greatest common divisor of 253 and 82225.
253
Calculate the greatest common divisor of 7387 and 178.
89
What is the greatest common factor of 3726 and 46?
46
What is the highest common divisor of 576 and 36?
36
Calculate the highest common factor of 255 and 60.
15
What is the greatest common factor of 498 and 42?
6
What is the greatest common divisor of 106 and 37100?
106
Calculate the highest common factor of 26 and 39.
13
What is the greatest common factor of 3626 and 148?
74
What is the highest common factor of 10 and 50?
10
What is the highest common divisor of 1961 and 106?
53
Calculate the greatest common factor of 15916 and 92.
92
Calculate the greatest common divisor of 6240 and 120.
120
What is the greatest common divisor of 1305 and 15?
15
Calculate the greatest common divisor of 174 and 12.
6
Calculate the highest common factor of 14 and 1421.
7
What is the greatest common factor of 19 and 7619?
19
Calculate the highest common divisor of 1179 and 18.
9
What is the greatest common divisor of 19 and 304?
19
Calculate the greatest common divisor of 252 and 63.
63
Calculate the greatest common divisor of 18 and 1764.
18
Calculate the greatest common factor of 9715 and 435.
145
What is the greatest common factor of 611 and 13?
13
Calculate the highest common factor of 42 and 15414.
42
What is the greatest common divisor of 38 and 4066?
38
What is the greatest common divisor of 42 and 378?
42
What is the highest common divisor of 12776 and 8?
8
Calculate the highest common factor of 2568 and 48.
24
What is the greatest common divisor of 3 and 1149?
3
What is the highest common divisor of 1200 and 12200?
200
Calculate the greatest common factor of 16 and 464.
16
Calculate the highest common factor of 928 and 32.
32
Calculate the greatest common divisor of 656 and 82.
82
Calculate the highest common divisor of 6647 and 23.
23
What is the highest common divisor of 1088 and 128?
64
What is the highest common divisor of 1040 and 1000?
40
What is the highest common factor of 13 and 1?
1
What is the highest common factor of 527 and 341?
31
Calculate the highest common factor of 178 and 104486.
178
Calculate the greatest common factor of 232 and 2146.
58
What is the highest common divisor of 28 and 63?
7
What is the greatest common divisor of 76 and 323?
19
Calculate the greatest common factor of 152 and 19.
19
Calculate the greatest common divisor of 8748 and 72.
36
Calculate the highest common divisor of 16 and 12.
4
Calculate the highest common divisor of 721 and 7.
7
What is the highest common divisor of 7 and 15246?
7
Calculate the greatest common divisor of 7238 and 616.
154
Calculate the highest common factor of 70 and 805.
35
What is the highest common divisor of 27 and 1431?
27
What is the highest common divisor of 170 and 95?
5
Calculate the highest common divisor of 4 and 11.
1
What is the highest common divisor of 70 and 1085?
35
What is the highest common divisor of 930 and 150?
30
What is the highest common factor of 455 and 1456?
91
Calculate the highest common divisor of 5875 and 47.
47
Calculate the highest common divisor of 950 and 95.
95
What is the highest common factor of 429 and 528?
33
What is the highest common factor of 748 and 136?
68
Calculate the greatest common divisor of 48 and 20176.
16
What is the highest common factor of 2990 and 23?
23
What is the highest common divisor of 378 and 56?
14
What is the greatest common factor of 632 and 790?
158
Calculate the greatest common factor of 28 and 217.
7
Calculate the greatest common factor of 1288 and 6.
2
Calculate the highest common divisor of 115 and 4393.
23
What is the highest common factor of 36 and 16812?
36
Calculate the greatest common factor of 4 and 2732.
4
What is the greatest common factor of 20 and 32?
4
Calculate the highest common factor of 949 and 292.
73
Calculate the greatest common factor of 7462 and 164.
82
Calculate the greatest common divisor of 21 and 4.
1
What is the greatest common divisor of 96 and 2208?
96
What is the highest common factor of 60 and 132?
12
What is the highest common factor of 228 and 264?
12
Calculate the highest common divisor of 102 and 102.
102
What is the highest common divisor of 4018 and 7749?
287
What is the highest common factor of 3822 and 2058?
294
Calculate the highest common divisor of 984 and 48.
24
Calculate the greatest common factor of 522 and 116.
58
What is the highest common divisor of 5390 and 55?
55
Calculate the highest common factor of 85902 and 278.
278
What is the greatest common divisor of 27 and 675?
27
What is the highest common divisor of 68 and 272?
68
What is the highest common divisor of 19 and 4?
1
Calculate the greatest common factor of 962 and 222.
74
What is the greatest common factor of 29862 and 14?
14
Calculate the highest common divisor of 61 and 1037.
61
Calculate the greatest common divisor of 768 and 432.
48
Calculate the highest common factor of 137577 and 363.
363
Calculate the highest common factor of 380 and 60.
20
Calculate the greatest common divisor of 45 and 765.
45
Calculate the greatest common factor of 315 and 255.
15
What is the greatest common divisor of 1258 and 34?
34
Calculate the highest common divisor of 8728 and 16.
8
Calculate the greatest common factor of 476 and 51.
17
Calculate the highest common factor of 54 and 5157.
27
Calculate the greatest common divisor of 475 and 19.
19
Calculate the highest common divisor of 451 and 143.
11
What is the highest common divisor of 270 and 486?
54
What is the highest common factor of 9078 and 51?
51
Calculate the greatest common divisor of 6 and 834.
6
What is the highest common divisor of 189 and 42?
21
What is the highest common factor of 11 and 1133?
11
Calculate the highest common factor of 151 and 3.
1
Calculate the highest common divisor of 4 and 4126.
2
Calculate the greatest common factor of 93 and 192.
3
What is the highest common divisor of 150 and 318?
6
Calculate the highest common factor of 26 and 3107.
13
What is the greatest common factor of 2224 and 16?
16
What is the greatest common divisor of 60 and 1590?
30
Calculate the greatest common divisor of 76 and 570.
38
What is the greatest common factor of 4236 and 12?
12
What is the highest common factor of 44 and 396?
44
Calculate the greatest common divisor of 10634 and 26.
26
What is the greatest common factor of 70 and 10?
10
What is the greatest common factor of 41980 and 10?
10
Calculate the highest common divisor of 172 and 215.
43
What is the greatest common factor of 77 and 121?
11
Calculate the greatest common factor of 4424 and 168.
56
Calculate the greatest common divisor of 47 and 329.
47
Calculate the greatest common factor of 150 and 390.
30
Calculate the greatest common factor of 18983 and 41.
41
What is the greatest common divisor of 16 and 128?
16
Calculate the highest common factor of 26 and 5213.
13
Calculate the greatest common divisor of 2958 and 204.
102
Calculate the highest common divisor of 4392 and 16.
8
Calculate the greatest common factor of 121 and 407.
11
Calculate the highest common divisor of 25 and 35.
5
Calculate the greatest common divisor of 915 and 450.
15
Calculate the greatest common divisor of 1095 and 657.
219
Calculate the highest common factor of 376 and 16.
8
What is the greatest common factor of 6666 and 11?
11
What is the greatest common factor of 800 and 4650?
50
Calculate the greatest common factor of 1479 and 51.
51
Calculate the highest common divisor of 4806 and 54.
54
Calculate the highest common divisor of 4 and 100.
4
What is the highest common factor of 4980 and 15?
15
What is the greatest common divisor of 148 and 77404?
148
What is the greatest common divisor of 1396 and 28?
4
Calculate the greatest common divisor of 1811 and 1.
1
